. Give u(p).
-5
Let p(j) = j**2 + 11*j - 1. Let s be (6/(-36)*-6)/((-1)/11). What is p(s)?
-1
Let t(r) = -9*r - 5. Let s(q) = -9*q - 4. Let n(h) = -4*s(h) + 3*t(h). Suppose -v - 3 = -2. Determine n(v).
-8
Let w(o) be the third derivative of -7*o**4/24 - o**3/6 + 7*o**2. Determine w(1).
-8
Let h(w) = 3*w - 6. Let s be h(2). Let p(x) be the first derivative of x**2/2 - 9*x - 1. Give p(s).
-9
Let j(k) = -2 + 1 + 16*k - 18*k. Let w = 11 + -15. Determine j(w).
7
Suppose 4*b = -2*m, 3*b + 6 = 3*m + 7*b. Let i(t) = 6*t + 1. Let r(g) = -g - 1. Let q(s) = -i(s) - 5*r(s). What is q(m)?
-2
Let n(i) be the first derivative of -i - i**2 + 4/3*i**3 - 3. Determine n(-1).
5
Suppose 47 = 2*l + 2*l + 3*v, 0 = -5*l - 3*v + 55. Let d = -5 + l. Let r(j) = -d*j + 4*j**2 - 2*j**2 + 0*j - 3. Determine r(3).
6
Let w(h) = h - 5. Let u = 15 - 11. Determine w(u).
-1
Let y(x) = 4*x + 4*x**2 + 4 - 3*x**2 - 3. Let p = 44 - 29. Suppose 6 - p = 3*d. Give y(d).
-2
Let t(j) be the third derivative of 0*j + 6*j**2 - 1/6*j**3 - 1/24*j**4 + 0 - 7/60*j**5. Let b = -3 - -2. What is t(b)?
-7
Let t(r) be the first derivative of -r**2/2 - r + 56. Determine t(-6).
5
Suppose -4*f + 0*f = 3*j - 64, -j + 5*f = 4. Suppose -3*k = -j + 4. Let i(v) = 2*v - 5. Calculate i(k).
3
Let j(g) be the first derivative of -g**2/2 - 4*g - 2. Let p = 69 - 73. Give j(p).
0
Suppose -3*b - 20 = -5*b + 4*i, 0 = -b - 5*i - 4. Let x(n) be the first derivative of -n**3/3 + 5*n**2/2 + 72. Calculate x(b).
-6
Let l(g) be the second derivative of -4*g + 0 + 0*g**2 + 1/6*g**3. Determine l(-6).
-6
Let k(a) = a**3 - 6*a**2 + 3*a - 6. Let c(f) = -2*f**3 + 12*f**2 - 6*f + 11. Let j(d) = 6*c(d) + 11*k(d). Calculate j(5).
10
Let w(h) = -h**3 + h**2 - 1. Let m(z) = 4*z**3 - 5*z**2 - 3*z - 1. Let i(g) = -m(g) - 3*w(g). What is i(3)?
4
Suppose 6*u - u - 15 = 0. Let i(n) = -1 + 3*n + u - n**2 - 2*n. What is i(-2)?
-4
Let q(z) = z**3 + 3*z**2 + 4*z + 3. Suppose -3 = l, 3 = -2*x - x + l. Let a be q(x). Let r(o) = -2 - o + o**2 + o**3 + 1 + 3*o**3. Determine r(a).
-3
Suppose -2*x = -3*h - 19, -3*h + 5*x = 6 + 1. Let q be (-3*1)/(h/(-6)). Let o = q - -5. Let g(z) = -z**2 + 3*z - 2. What is g(o)?
-2
Let y(n) = -1 + 2*n**2 + 0*n**2 - 3*n**2 - 5*n. Calculate y(-5).
-1
Let n be (-1)/(-2*(-2)/(-12)). Let g(p) = -p + 4. Determine g(n).
1
Let p(m) = m**3 - 2*m + 3. Let o(u) = 2 + 11 + 4*u - u**2 + 4*u + 0*u. Let a be o(11). Let f be 2/8 + (-35)/a. Give p(f).
7
Let c(b) = -b**2 - 3*b + 6. Let y be c(-5). Let r be 282/(-54) - y/18. Let p(k) = 2*k - 2*k + 2 - k. What is p(r)?
7
Let v(y) = -y**3 - 2*y**2 - 2*y + 3. Let a(r) = -r**3 - r**2 - r + 3. Let s(n) = -3*a(n) + 2*v(n). Let b = 1 + -1. What is s(b)?
-3
Let s(c) be the third derivative of c**4/24 - c**3 - 5*c**2. Calculate s(0).
-6
Let f(z) = z + 16. Let u be f(-13). Let x(g) = -2 + 0*g + g + 0*g - u. Give x(0).
-5
Suppose 0*o = 4*o - 8. Let v(a) = 11 + a**o - 2*a**2 - 12. Determine v(-1).
-2
Let o(a) be the second derivative of -a**3 + a**2/2 + 27*a. Let c = 2 + -1. What is o(c)?
-5
Let x(i) be the first derivative of i**2 - 3*i + 1. Let h(p) = -p**2 + 9*p - 8. Let j be h(7). Let f = j + -2. Give x(f).
5
Let x(c) = c**3 + 5*c**2 - 8*c - 7. Let b(t) = t**3 + t**2 - t - 6. Let r be b(0). Determine x(r).
5
Let z = -23 + 27. Let b be 2/(((-16)/10)/z). Let k(t) be the second derivative of -t**4/12 - 2*t**3/3 - t. What is k(b)?
-5
Let n(u) be the third derivative of u**4/24 - 19*u**2. Suppose 3*d = 5*d - 8. Determine n(d).
4
Let l(r) = r - 6. Let k be l(5). Let v be (k/(-2))/(1/(-10)). Let t = 3 + v. Let d(j) = -j**2 + j - 2. Give d(t).
-8
Let h = 9 + -12. Suppose 3*v - 3*p = -6, 0 = -2*v + 2*p - 5*p - 9. Let y(b) = b + 1. Let r(k) = 2*k - 1. Let x(f) = v*y(f) + r(f). Determine x(h).
-1
Let a be (-40)/(-5)*6/4. Suppose -p - a = 2*p. Let s(z) = z + 3. Calculate s(p).
-1
Let c(f) be the second derivative of f**3/2 + 2*f**2 + 5*f. Give c(-6).
-14
Let n(m) = 5 + 2 + 6*m + m**2 - 8. What is n(-7)?
6
Suppose 2*t = 5*d + 25, 0*t - t = d + 12. Let s(o) = -o**3 - 6*o**2 + 5*o - 2. Give s(d).
12
Let l(d) = d. Let v be (-11 - -4)*(-9)/21. Give l(v).
3
Let c(z) = -4*z + 1. Let v = 7 - 6. Determine c(v).
-3
Let d be (-44)/6 - 2*(-3)/(-9). Let q(r) = r**3 + 7*r**2 - 8*r - 2. Calculate q(d).
-2
Let a(u) = u**3 + u**2 - 1. Let w(m) = -m**3 - 8*m**2 + 4. Let v(y) = 2*a(y) + w(y). Calculate v(6).
2
Let l be -4 - -2 - -2 - 3. Let c(f) = 11*f**3 + 8*f**2 + 5*f. Let y(z) = -4*z**3 - 3*z**2 - 2*z. Let i(a) = l*c(a) - 8*y(a). Let p = -7 + 5. Determine i(p).
6
Let i(t) be the second derivative of -t**5/60 + 5*t**4/24 + 3*t**2/2 - t. Let c(g) be the first derivative of i(g). Calculate c(5).
0
Let z = -52 + 59. Let o(l) = l**2 - 7*l - 1. What is o(z)?
-1
Let d(n) be the third derivative of 0*n + 1/24*n**4 - 3*n**2 + 0*n**5 + 1/120*n**6 + 5/3*n**3 + 0. Give d(0).
10
Let l(g) = -2*g + g - 7 + 1 - 1. Calculate l(-5).
-2
Let t(u) = -1. Let l(o) = o + 7. Let x(b) = l(b) + 5*t(b). Determine x(4).
6
Let c(j) = -10*j**2. Let v(m) = m**2 - 5*m + 3. Let h = 4 + 0. Let t be v(h). Calculate c(t).
-10
Suppose -18 = -4*h - 2*u, -5*h + 30 = -5*u - 0. Let w(c) = c**3 - 6*c**2 + 5*c + 3. Give w(h).
3
Let n(j) = 16*j - 2 + 3 + 1 - 17*j. Let b = 13 + -9. What is n(b)?
-2
Let v(a) be the third derivative of a**4/24 - a**3 + a**2. Let k(p) = -2*p + 0 - 2 + 6 + 2. Let o(q) = -2*k(q) - 3*v(q). Calculate o(-4).
2
Suppose 0 = -4*u + 5*b + 2, 2*u = u - 2*b + 7. Let w = -15 - -7. Let h = u + w. Let p(v) = v**3 + 4*v**2 - 5*v - 5. What is p(h)?
-5
Suppose 0 = -5*n, 4*l = 2*l - 3*n + 2. Let j(x) = -16*x - 1. What is j(l)?
-17
Let g be (8 + -3)*(1 - 0). Suppose -x + 4*t = 1, 3*x + g*t = -0*t - 20. Let w(d) be the second derivative of -d**4/12 - 5*d**3/6 + 3*d**2 + d. Give w(x).
6
Let c(k) = -k - 1. Let b(v) = -2*v - 2. Suppose 4*r + 16 = -w, 4*w + r = 4*r - 45. Let m = -23 - w. Let d(g) = m*c(g) + 6*b(g). Give d(5).
-6
Let r(o) = o**3 - 3*o**2 + o + 2. Let y(j) = -j**3 - 5*j**2 + 7*j + 8. Let u = -9 - -3. Let x be y(u). Calculate r(x).
0
Let a(b) = -b + 2*b - 6 + 6 + 8. Determine a(7).
15
Suppose 0 = 6*d - 2*d - 12. Let j(a) = 8*a - 2. Let v(r) = 1. Let n(h) = d*v(h) + j(h). Let i be (-2)/(-4)*(-2)/1. What is n(i)?
-7
Let z(j) = j**3 + 4*j**2 - 6*j - 1. Let m = -34 + 29. Calculate z(m).
4
Let f(c) = -2*c + 13. Suppose -8*x = -x - 70. What is f(x)?
-7
Let o(p) be the second derivative of -p**3/6 - 2*p. Let q be 3 - 18/3 - -9. Suppose q + 14 = 5*d. What is o(d)?
-4
Suppose -7*s = 2*s - 5*s. Let j(i) = i + 1. What is j(s)?
1
Let b be 126/(-28)*2/3. Let t(u) = -u**2 + 2*u + 3. Determine t(b).
-12
Let g be (-2 + 2)/(-3 + 1). Let a(p) be the second derivative of -1/12*p**4 + g + 1/20*p**5 + 1/6*p**3 - p + 1/2*p**2. What is a(0)?
1
Suppose -2*b = -b + 3*g - 10, -2*g = 5*b + 15. Suppose 1 = -2*x + 5. Let d(p) = 1 - 3 - 6*p - p**x + 0*p - 3. Give d(b).
0
Let j(p) = -p**2 - 3*p - 3. Let a be j(-2). Let b(u) = 5*u - 1. Determine b(a).
-6
Let v(g) = -g**2 - 2*g + 5. Suppose -13*i - 40 = -3*i. Determine v(i).
-3
Let f be (-12)/30*2*-5. Let g(h) = -3 + h - h**2 + 5 - f. What is g(2)?
-4
Let k(d) be the second derivative of d**4/6 - d**2/2 + 17*d. Let q be 9/12 - (-22)/(-8). Calculate k(q).
7
Let o(m) be the second derivative of m**5/20 - m**4/2 - m**2 + 5*m. Give o(6).
-2
Let u = 8 + -5. Suppose h + u*b = -6 - 8, 12 = -3*h + b. Let c(a) = a - 2. Determine c(h).
-7
Suppose 2*q + 2*l - 14 = 2, 5*q + 2*l - 28 = 0. Let n(y) = -q*y + 2*y**2 - 2 - 2*y**2 - y**2. Determine n(-2).
2
Let j = -69 + 73. Let g(f) = f**3 - 4*f**2 + 3*f - 5. Determine g(j).
7
Let i(l) be the third derivative of l**6/120 + l**5/10 + l**3/3 + 4*l**2. Calculate i(-6).
2
Let v(z) = 2*z**2 - 8*z + 9. Let t(o) = -o**2 + o - 1. Let w(h) = -3*t(h) - v(h). Calculate w(-7).
8
Let t(c) be the first derivative of -2/3*c**3 + 1 + 1/24*c**4 + 1/2*c**2 + 0*c. Let o(p) be the second derivative of t(p). Calculate o(5).
1
Let u be 5/25 + (-19)/(-5). Suppose -u = -p - 1. Let d(x) = 8*x + 3 - 2 - 3*x + p*x. Determine d(1).
9
Suppose 9*j + 3*j = 36. Let r(m) = -m**3 + m + 4. Let c(k) = 3*k**3 - k**2 - 3*k - 11. Let w(h) = 3*c(h) + 8*r(h). Calculate w(j).
-4
Let k(w) = 4 - 3 - w**2 - 4*w**2 + 0. Suppose -2*y + 5*y = -c + 16, 32 = 3*c + 5*y. Suppose -2*o = -5*l - 3 + 1, -5*l - 4 = -c*o. Determine k(o).
-4
Le